late k(6).
-25
Let h(w) = 3*w**3 - 391*w**2 + 3388*w + 228. Determine h(121).
228
Let n(k) = 11248*k**2 - 33707*k + 4. Calculate n(3).
115
Let f(y) = 1084*y + 205. Calculate f(-3).
-3047
Let h(j) = -2*j**3 + 30*j**2 - 34*j - 263. Calculate h(13).
-29
Let n(f) = -904*f**2 - 256*f + 255. Give n(1).
-905
Let l(b) = b**3 - 25*b**2 + 12*b + 110. Give l(19).
-1828
Let v(g) = 2*g**3 - 635*g**2 + 23375*g - 3. Calculate v(275).
-3
Let p(t) = t**2 + 48*t - 1205. Determine p(-69).
244
Let y(d) = -3971*d + 825966. Determine y(208).
-2
Let l(f) = 468*f - 66755. Determine l(142).
-299
Let p(k) = k**3 - 15*k**2 + 3*k + 232. Calculate p(8).
-192
Let f(y) = y**3 + 56*y**2 - 105*y - 17. Calculate f(-58).
-655
Let n(m) = -m**3 + 16*m**2 - 48*m + 683. Determine n(16).
-85
Let n(x) = x**3 - 50*x**2 + 59*x - 181. Give n(49).
309
Let x(t) = -2*t**2 + 80547*t + 805608. Give x(-10).
-62
Let u(k) = 12*k**2 - 540*k - 1112. Calculate u(-2).
16
Let f(y) = -y**3 - 8*y**2 + 36*y + 402. Determine f(-9).
159
Let j(p) = 22*p**2 - 800*p + 7097. What is j(14)?
209
Let b(t) = -1587*t**2 - 46047*t - 705. Give b(-29).
-9
Let m(j) = -444*j**3 - 19*j**2 + 94*j - 98. Calculate m(1).
-467
Let g(q) = 764*q + 173355. What is g(-227)?
-73
Let w(j) = -j**3 + 2*j**2 + 6438*j - 15. Give w(0).
-15
Let g(f) = 1167*f + 42061. What is g(-36)?
49
Let b(u) = -5382*u - 618822. What is b(-115)?
108
Let k(p) = -4*p**2 + 796*p - 29752. Give k(41).
-3840
Let z(q) = -25*q**3 + 267*q**2 + 3*q - 11. Determine z(11).
-946
Let z(t) = -62*t**3 + 43*t - 39. Give z(1).
-58
Let r(w) = -5*w**3 - 24*w**2 - 67*w - 294. Give r(-7).
714
Let f(m) = -2718*m - 38119. Calculate f(-14).
-67
Let r(s) = 19698*s - 39397. Calculate r(2).
-1
Let h(f) = 214*f + 47696. Calculate h(-222).
188
Let y(q) = -1379*q + 18051. What is y(14)?
-1255
Let g(d) = -d**3 + 486*d + 1464. Determine g(-3).
33
Let p(x) = x**3 - 142*x**2 + 1319*x - 778. Give p(132).
-910
Let i(x) = -9857*x + 29745. Calculate i(3).
174
Let t(n) = -7*n**3 - 32*n**2 + 31*n + 316. Determine t(-7).
932
Let r(k) = 67229*k - 27496660. What is r(409)?
1
Let c(o) = 2*o**3 + 82*o**2 - 207*o + 17. Determine c(-45).
-6868
Let b(i) = -2*i**3 + 12*i**2 - 612*i + 3041. Give b(5).
31
Let d(n) = -9*n**3 + 618*n**2 - 1009*n + 40862. What is d(68)?
-6
Let s(t) = -44*t**3 - 96*t**2 - 25*t + 20. Determine s(-2).
38
Let h(c) = -c**3 - 2*c**2 + 2363*c + 18556. Determine h(-8).
36
Let f(m) = -m**2 + 143*m - 2112. What is f(136)?
-1160
Let d(p) = 36*p**3 - p**2 - 430*p - 863. Calculate d(-2).
-295
Let a(r) = -10*r**3 - 52*r**2 + 178*r + 2. Determine a(6).
-2962
Let t(r) = -1815*r + 7956. What is t(4)?
696
Let r(w) = -2755*w - 110228. Determine r(-40).
-28
Let h(s) = -11*s**2 + 410*s - 869. What is h(35)?
6
Let b(f) = 19353*f - 9173325. Determine b(474).
-3
Let j(f) = -5871*f - 35242. Give j(-6).
-16
Let r(p) = 70*p - 4338. Determine r(62).
2
Let c(x) = -x**2 - 215*x - 10423. Determine c(-141).
11
Let y(w) = 335*w + 203356. Calculate y(-607).
11
Let t(x) = -26859*x + 268600. Give t(10).
10
Let w(b) = 2911596*b - 8734788. Determine w(3).
0
Let b(s) = 785946*s - 25936224. Calculate b(33).
-6
Let k(j) = -2*j**2 - 2448*j + 483349. Determine k(173).
-13
Let r(q) = -45*q**2 + 321*q - 185. Determine r(2).
277
Let f(t) = -635*t + 316861. What is f(499)?
-4
Let o(p) = 544088*p - 4896764. Give o(9).
28
Let i(f) = 10786*f + 183357. Determine i(-17).
-5
Let w(m) = -m**3 + 26*m**2 - 1632*m + 36005. Give w(23).
56
Let v(d) = 2*d**2 - 1175*d - 145614. Calculate v(-105).
-189
Let h(u) = 6141*u + 18447. What is h(-3)?
24
Let l(u) = 8*u**3 + 124*u**2 - 703*u - 10230. What is l(-16)?
-6
Let a(i) = -249*i - 9319. What is a(-38)?
143
Let m(l) = -7957*l + 55718. Determine m(7).
19
Let m(i) = 2*i**3 - 1954*i**2 - 21722*i - 13830. What is m(988)?
2
Let a(c) = -3737*c + 164430. Calculate a(44).
2
Let k(q) = q**3 - 305*q**2 + 5443*q - 2571. Give k(286).
3
Let a(y) = -3*y**2 + 162*y - 2932. Give a(24).
-772
Let o(g) = -21*g**2 - 11*g - 237. Determine o(-10).
-2227
Let r(p) = 248452*p - 3229883. Calculate r(13).
-7
Let g(t) = -547*t + 161957. Calculate g(296).
45
Let d(z) = -z**3 - 7*z**2 + 151*z + 670. Give d(-4).
18
Let h(u) = -600*u + 1422. Calculate h(5).
-1578
Let v(p) = 217*p - 391. Calculate v(-3).
-1042
Let f(r) = -2*r**2 + 34*r + 2330. What is f(-30)?
-490
Let l(f) = 9370*f - 1677242. Calculate l(179).
-12
Let n(o) = 25*o**2 - 2533*o + 3325. Give n(100).
25
Let g(y) = -6*y**2 - 3182*y - 1059. Give g(-530).
1
Let w(t) = -t**3 - 76*t**2 - 355*t - 833. Give w(-71).
-833
Let l(v) = -v**2 - 1986*v - 952927. What is l(-811)?
-2
Let w(z) = -2*z**3 - 56*z**2 + 14*z + 679. Determine w(-28).
287
Let u(y) = 269*y - 21928. Determine u(81).
-139
Let o(r) = -r**3 + 16*r**2 + 81*r - 1586. What is o(15)?
-146
Let r(m) = 6*m**3 + 68*m**2 + 48*m + 253. What is r(-10)?
573
Let v(p) = -23*p**3 + 17*p**2 + 38*p + 8. Calculate v(-2).
184
Let r(s) = 46530*s + 2280001. Give r(-49).
31
Let h(k) = -k**2 + 1040*k + 25546. Determine h(-24).
10
Let a(d) = -996*d + 13655. Determine a(12).
1703
Let f(x) = -x**3 + 11*x**2 + 113*x - 80. Calculate f(-7).
11
Let q(o) = 240807*o + 1444674. Calculate q(-6).
-168
Let d(z) = -330*z + 59665. Determine d(181).
-65
Let j(f) = -4451*f - 151285. Determine j(-34).
49
Let p(m) = -m**2 + 5059*m - 30370. Determine p(6).
-52
Let m(g) = g**2 - 22784*g + 113907. Give m(5).
12
Let w(g) = -3*g**3 + 14*g**2 - 23809*g + 142868. Determine w(6).
-130
Let l(n) = 130726*n - 130741. Determine l(1).
-15
Let z(c) = 33*c**2 - 196*c + 587. Give z(3).
296
Let r(q) = -1079*q - 3256. Determine r(-3).
-19
Let j(p) = 41*p**3 + 2498*p**2 - 189*p - 275. Calculate j(-61).
91
Let u(f) = -f**2 + 507*f - 2527. What is u(5)?
-17
Let p(g) = -g**3 - 18*g**2 + 40*g + 48. Determine p(-19).
-351
Let s(m) = -m**2 - 831*m + 696920. Give s(517).
4
Let w(z) = 13*z**2 - 220*z + 227. Calculate w(21).
1340
Let m(g) = g**3 - 34*g**2 - 200*g + 3440. What is m(16)?
-4368
Let w(o) = -9421*o + 273220. Calculate w(29).
11
Let m(w) = 32*w**2 + 255*w - 6. Calculate m(-8).
2
Let f(m) = -m**3 + 51*m - 101. Determine f(7).
-87
Let x(z) = 8045*z - 16336. Determine x(2).
-246
Let f(c) = 8630*c + 8596. Calculate f(-1).
-34
Let u(n) = -14*n**2 - 135*n - 834. Calculate u(-6).
-528
Let q(x) = -2*x**3 + 1186*x**2 - 4726*x + 17. What is q(4)?
-39
Let z(a) = 153*a**2 - 2084*a - 23705. What is z(21)?
4
Let n(v) = -21495*v + 967274. Give n(45).
-1
Let w(k) = -2210*k + 11308. What is w(5)?
258
Let g(m) = 443*m + 89227. What is g(-202)?
-259
Let z(m) = 2*m - 35. Give z(106).
177
Let p(k) = -125135*k + 5631081. Calculate p(45).
6
Let p(u) = 604*u**2 + 7256*u + 123. Determine p(-12).
27
Let x(h) = 245*h**2 - 2154*h + 4376. Calculate x(2).
1048
Let v(a) = 1560*a + 92023. What is v(-59)?
-17
Let k(x) = 75*x**2 + 7625*x + 22867. What is k(-3)?
667
Let u(v) = 26284*v + 551992. Give u(-21).
28
Let l(i) = i**3 + i**2 - 61*i + 581. What is l(8)?
669
Let k(v) = 2801*v - 162314. Calculate k(58).
144
Let c(w) = w**2 - 16560*w + 99324. Calculate c(6).
0
Let l(z) = z**3 + 4*z**2 + 10688*z + 53454. Calculate l(-5).
-11
Let x(j) = -5401*j + 10660. Calculate x(2).
-142
Let x(l) = l**2 - 1972*l + 523290. Determine x(316).
-6
Let a(d) = 3*d**3 - 243*d**2 + 31*d - 898. Determine a(81).
1613
Let x(v) = v**2 - 287*v + 7161. What is x(259)?
-91
Let j(l) = l**3 - 219*l**2 + 206*l - 143168. Give j(221).
40
Let s(q) = 3*q**3 + 155*q**2 + 3803*q + 200463. Give s(-52).
3
Let x(s) = -s**2 - 899*s + 9113. Give x(10).
23
Let k(c) = -191*c**3 - 40*c**2 - 222*c - 182. Determine k(-1).
191
Let a(q) = 40334*q + 201689. What is a(-5)?
19
Let y(v) = 23*v**3 + 396*v**2 + 58*v - 473. Calculate y(-17).
-14
Let g(d) = -66*d - 7575. Calculate g(-121).
411
Let v(o) = 912*o - 2026. Determine v(4).
1622
Let h(c) = 178*c**2 - 992*c - 1982. Determine h(-2).
714
Let l(r) = -r**2 - 48*r - 122. Give l(-34).
354
Let z(j) = -18464*j - 1034182. Give z(-56).
-198
Let w(j) = -447*j - 67468. Determine w(-150).
-418
Let s(g) = 165*g - 13540. Calculate s(82).
-10
Let z(x) = 11591*x - 567940. What is z(49)?
19
Let f(q) = 4*q**3 - 6*q**2 - 248*q + 836. Calculate f(6).
-4
Let i(h) = -1903*h - 69149. Calculate i(-37).
1262
Let m(h) = 9*h**2 - 2519*h + 44428. Determine m(261).
58
Let x(a) = -16*a**2 - 613*a - 1612. Determine